{"id":6541,"date":"2023-01-31T20:31:00","date_gmt":"2023-01-31T19:31:00","guid":{"rendered":"https:\/\/www.helpfordesk.com\/hu\/?post_type=avada_faq&#038;p=6541"},"modified":"2023-03-23T12:16:57","modified_gmt":"2023-03-23T11:16:57","slug":"milyen-szankciokkal-jarhat-a-gdpr-kovetelmenyeinek-be-nem-tartasa","status":"publish","type":"avada_faq","link":"https:\/\/www.helpfordesk.com\/hu\/faq-items\/milyen-szankciokkal-jarhat-a-gdpr-kovetelmenyeinek-be-nem-tartasa\/","title":{"rendered":"Milyen szankci\u00f3kkal j\u00e1rhat a GDPR k\u00f6vetelm\u00e9nyeinek be nem tart\u00e1sa?"},"content":{"rendered":"<p>Az \u00c1ltal\u00e1nos Adatv\u00e9delmi Rendelet (GDPR) r\u00f6gz\u00edti azokat a szab\u00e1lyokat \u00e9s el\u0151\u00edr\u00e1sokat, amelyeket a szervezeteknek be kell tartaniuk a szem\u00e9lyes adatok kezel\u00e9se sor\u00e1n. A GDPR k\u00f6vetelm\u00e9nyeinek be nem tart\u00e1sa komoly szankci\u00f3kat vonhat maga ut\u00e1n a szervezettel szemben. Ezek a szankci\u00f3k tartalmazhatnak p\u00e9nzb\u00edrs\u00e1got, bizonyos tev\u00e9kenys\u00e9gek felf\u00fcggeszt\u00e9s\u00e9t vagy ak\u00e1r b\u00fcntet\u0151elj\u00e1r\u00e1st is. Ezen t\u00falmen\u0151en a szervezeteknek l\u00e9p\u00e9seket kell tenni\u00fck a meg nem felel\u00e9si probl\u00e9m\u00e1k orvosl\u00e1s\u00e1ra, valamint a szab\u00e1lyok be nem tart\u00e1sa miatt okozott k\u00e1rok megt\u00e9r\u00edt\u00e9s\u00e9re. Ez\u00e9rt fontos, hogy a szervezetek megbizonyosodjanak arr\u00f3l, hogy megfelelnek a GDPR k\u00f6vetelm\u00e9nyeinek, hogy elker\u00fclj\u00e9k ezeket a lehets\u00e9ges szankci\u00f3kat.<\/p>\n","protected":false},"excerpt":{"rendered":"<p>Az \u00c1ltal\u00e1nos Adatv\u00e9delmi Rendelet (GDPR) r\u00f6gz\u00edti azokat a szab\u00e1lyokat \u00e9s el\u0151\u00edr\u00e1sokat, amelyeket a szervezeteknek be  [&#8230;]<\/p>\n","protected":false},"author":1,"featured_media":0,"menu_order":500,"comment_status":"closed","ping_status":"closed","template":"","format":"standard","meta":{"_bbp_topic_count":0,"_bbp_reply_count":0,"_bbp_total_topic_count":0,"_bbp_total_reply_count":0,"_bbp_voice_count":0,"_bbp_anonymous_reply_count":0,"_bbp_topic_count_hidden":0,"_bbp_reply_count_hidden":0,"_bbp_forum_subforum_count":0,"footnotes":"","_wp_rev_ctl_limit":""},"faq_category":[37],"class_list":["post-6541","avada_faq","type-avada_faq","status-publish","format-standard","hentry","faq_category-gdpr-megfeleloseg"],"_links":{"self":[{"href":"https:\/\/www.helpfordesk.com\/hu\/wp-json\/wp\/v2\/avada_faq\/6541","targetHints":{"allow":["GET"]}}],"collection":[{"href":"https:\/\/www.helpfordesk.com\/hu\/wp-json\/wp\/v2\/avada_faq"}],"about":[{"href":"https:\/\/www.helpfordesk.com\/hu\/wp-json\/wp\/v2\/types\/avada_faq"}],"author":[{"embeddable":true,"href":"https:\/\/www.helpfordesk.com\/hu\/wp-json\/wp\/v2\/users\/1"}],"replies":[{"embeddable":true,"href":"https:\/\/www.helpfordesk.com\/hu\/wp-json\/wp\/v2\/comments?post=6541"}],"version-history":[{"count":0,"href":"https:\/\/www.helpfordesk.com\/hu\/wp-json\/wp\/v2\/avada_faq\/6541\/revisions"}],"wp:attachment":[{"href":"https:\/\/www.helpfordesk.com\/hu\/wp-json\/wp\/v2\/media?parent=6541"}],"wp:term":[{"taxonomy":"faq_category","embeddable":true,"href":"https:\/\/www.helpfordesk.com\/hu\/wp-json\/wp\/v2\/faq_category?post=6541"}],"curies":[{"name":"wp","href":"https:\/\/api.w.org\/{rel}","templated":true}]}}

Milyen szankciókkal járhat a GDPR követelményeinek be nem tartása?

<p>Az Általános Adatvédelmi Rendelet (GDPR) rögzíti azokat a szabályokat és előírásokat, amelyeket a szervezeteknek be kell tartaniuk a személyes adatok kezelése során. A GDPR követelményeinek be nem tartása komoly szankciókat vonhat maga után a szervezettel szemben. Ezek a szankciók tartalmazhatnak pénzbírságot, bizonyos tevékenységek felfüggesztését vagy akár büntetőeljárást is. Ezen túlmenően a szervezeteknek lépéseket kell tenniük a meg nem felelési problémák orvoslására, valamint a szabályok be nem tartása miatt okozott károk megtérítésére. Ezért fontos, hogy a szervezetek megbizonyosodjanak arról, hogy megfelelnek a GDPR követelményeinek, hogy elkerüljék ezeket a lehetséges szankciókat.</p>

<p>Az Általános Adatvédelmi Rendelet (GDPR) rögzíti azokat a szabályokat és előírásokat, amelyeket a szervezeteknek be  [&#8230;]</p>
