{"id":6525,"date":"2023-01-31T20:21:31","date_gmt":"2023-01-31T19:21:31","guid":{"rendered":"https:\/\/www.helpfordesk.com\/hu\/?post_type=avada_faq&#038;p=6525"},"modified":"2023-03-23T09:05:44","modified_gmt":"2023-03-23T08:05:44","slug":"hogyan-erhetik-el-a-vallalkozasok-a-gdpr-megfeleloseget","status":"publish","type":"avada_faq","link":"https:\/\/www.helpfordesk.com\/hu\/faq-items\/hogyan-erhetik-el-a-vallalkozasok-a-gdpr-megfeleloseget\/","title":{"rendered":"Hogyan \u00e9rhetik el a v\u00e1llalkoz\u00e1sok a GDPR-megfelel\u0151s\u00e9get?"},"content":{"rendered":"<p>Az \u00c1ltal\u00e1nos Adatv\u00e9delmi Rendelet (GDPR) olyan szab\u00e1lyoz\u00e1sok \u00f6sszess\u00e9ge, amelyek c\u00e9lja az uni\u00f3s polg\u00e1rok mag\u00e1n\u00e9let\u00e9nek \u00e9s szem\u00e9lyes adatainak v\u00e9delme. A v\u00e1llalkoz\u00e1soknak be kell tartaniuk a GDPR-t \u00fcgyfeleik \u00e9s alkalmazottaik szem\u00e9lyes adatainak v\u00e9delme \u00e9rdek\u00e9ben. A GDPR-megfelel\u0151s\u00e9g el\u00e9r\u00e9s\u00e9hez \u00e1tfog\u00f3 strat\u00e9gi\u00e1ra van sz\u00fcks\u00e9g, amely mag\u00e1ban foglalja az ir\u00e1nyelveket, elj\u00e1r\u00e1sokat, technikai int\u00e9zked\u00e9seket \u00e9s k\u00e9pz\u00e9st. A v\u00e1llalkoz\u00e1soknak gondoskodniuk kell arr\u00f3l, hogy megfelel\u0151 biztons\u00e1gi int\u00e9zked\u00e9sekkel v\u00e9dj\u00e9k az \u00fcgyfelek adatait a jogosulatlan hozz\u00e1f\u00e9r\u00e9st\u0151l, valamint az \u00fcgyf\u00e9ladatok GDPR-k\u00f6vetelm\u00e9nyeinek megfelel\u0151 kezel\u00e9s\u00e9re vonatkoz\u00f3 ir\u00e1nyelveket \u00e9s elj\u00e1r\u00e1sokat. Ezenk\u00edv\u00fcl rendszeres k\u00e9pz\u00e9sben kell r\u00e9szes\u00edteni a szem\u00e9lyzetet a GDPR-megfelel\u00e9sr\u0151l. Ezekkel a l\u00e9p\u00e9sekkel a v\u00e1llalkoz\u00e1sok biztos\u00edthatj\u00e1k, hogy megfelelnek a GDPR-el\u0151\u00edr\u00e1soknak, \u00e9s v\u00e9dik \u00fcgyfeleik \u00e9s alkalmazottaik szem\u00e9lyes adatait.<\/p>\n","protected":false},"excerpt":{"rendered":"<p>Az \u00c1ltal\u00e1nos Adatv\u00e9delmi Rendelet (GDPR) olyan szab\u00e1lyoz\u00e1sok \u00f6sszess\u00e9ge, amelyek c\u00e9lja az uni\u00f3s polg\u00e1rok mag\u00e1n\u00e9let\u00e9nek \u00e9s  [&#8230;]<\/p>\n","protected":false},"author":1,"featured_media":0,"menu_order":0,"comment_status":"open","ping_status":"closed","template":"","format":"standard","meta":{"_bbp_topic_count":0,"_bbp_reply_count":0,"_bbp_total_topic_count":0,"_bbp_total_reply_count":0,"_bbp_voice_count":0,"_bbp_anonymous_reply_count":0,"_bbp_topic_count_hidden":0,"_bbp_reply_count_hidden":0,"_bbp_forum_subforum_count":0,"footnotes":"","_wp_rev_ctl_limit":""},"faq_category":[37],"class_list":["post-6525","avada_faq","type-avada_faq","status-publish","format-standard","hentry","faq_category-gdpr-megfeleloseg"],"_links":{"self":[{"href":"https:\/\/www.helpfordesk.com\/hu\/wp-json\/wp\/v2\/avada_faq\/6525","targetHints":{"allow":["GET"]}}],"collection":[{"href":"https:\/\/www.helpfordesk.com\/hu\/wp-json\/wp\/v2\/avada_faq"}],"about":[{"href":"https:\/\/www.helpfordesk.com\/hu\/wp-json\/wp\/v2\/types\/avada_faq"}],"author":[{"embeddable":true,"href":"https:\/\/www.helpfordesk.com\/hu\/wp-json\/wp\/v2\/users\/1"}],"replies":[{"embeddable":true,"href":"https:\/\/www.helpfordesk.com\/hu\/wp-json\/wp\/v2\/comments?post=6525"}],"version-history":[{"count":0,"href":"https:\/\/www.helpfordesk.com\/hu\/wp-json\/wp\/v2\/avada_faq\/6525\/revisions"}],"wp:attachment":[{"href":"https:\/\/www.helpfordesk.com\/hu\/wp-json\/wp\/v2\/media?parent=6525"}],"wp:term":[{"taxonomy":"faq_category","embeddable":true,"href":"https:\/\/www.helpfordesk.com\/hu\/wp-json\/wp\/v2\/faq_category?post=6525"}],"curies":[{"name":"wp","href":"https:\/\/api.w.org\/{rel}","templated":true}]}}

Hogyan érhetik el a vállalkozások a GDPR-megfelelőséget?

<p>Az Általános Adatvédelmi Rendelet (GDPR) olyan szabályozások összessége, amelyek célja az uniós polgárok magánéletének és személyes adatainak védelme. A vállalkozásoknak be kell tartaniuk a GDPR-t ügyfeleik és alkalmazottaik személyes adatainak védelme érdekében. A GDPR-megfelelőség eléréséhez átfogó stratégiára van szükség, amely magában foglalja az irányelveket, eljárásokat, technikai intézkedéseket és képzést. A vállalkozásoknak gondoskodniuk kell arról, hogy megfelelő biztonsági intézkedésekkel védjék az ügyfelek adatait a jogosulatlan hozzáféréstől, valamint az ügyféladatok GDPR-követelményeinek megfelelő kezelésére vonatkozó irányelveket és eljárásokat. Ezenkívül rendszeres képzésben kell részesíteni a személyzetet a GDPR-megfelelésről. Ezekkel a lépésekkel a vállalkozások biztosíthatják, hogy megfelelnek a GDPR-előírásoknak, és védik ügyfeleik és alkalmazottaik személyes adatait.</p>

<p>Az Általános Adatvédelmi Rendelet (GDPR) olyan szabályozások összessége, amelyek célja az uniós polgárok magánéletének és  [&#8230;]</p>
